 -118*m**3 - m**2 - 1494*m - 1494. Determine x(-1).
117
Let r(u) = 4*u**2 + 357*u - 3188. What is r(8)?
-76
Let t(v) = 165*v - 3527. Determine t(39).
2908
Let x(c) = 2*c**2 + 3495*c + 541979. Give x(-172).
7
Let t(r) = -3475*r - 3458. Give t(-1).
17
Let i(s) = -383*s**2 - 263887*s - 14. Determine i(-689).
-14
Let z(r) = -16484*r + 444574. Determine z(27).
-494
Let o(m) = -m**3 + 61*m**2 + 386*m + 1211. What is o(67)?
139
Let b(v) = v**2 + 51*v - 1804. What is b(-64)?
-972
Let i(n) = -n**3 - 49*n**2 - 105*n - 1823. Calculate i(-48).
913
Let a(t) = -55*t**2 - 4783*t + 190. Give a(-87).
16
Let s(p) = -9283*p - 37190. Determine s(-4).
-58
Let a(v) = -2*v**3 + 202*v**2 + 3*v - 732. What is a(101)?
-429
Let c(a) = 4372*a + 1958656. Calculate c(-448).
0
Let o(u) = u**3 + 193*u**2 - 214*u - 41500. Give o(-193).
-198
Let h(g) = -g**3 + 44*g**2 + 2481*g - 108318. Give h(51).
6
Let l(p) = 2*p**2 - 170*p - 356. Give l(-2).
-8
Let u(j) = -2*j**3 - 101*j**2 - 191*j + 17. What is u(-2)?
11
Let w(f) = -3*f**2 + 872*f - 9196. Determine w(281).
-1047
Let d(n) = -n**3 - 296*n**2 + 325*n + 8292. What is d(-297)?
-24
Let p(m) = 2*m**2 - 824*m + 11381. Give p(14).
237
Let f(t) = -23*t**2 + 386*t - 1860. What is f(5)?
-505
Let k(m) = -99041*m + 2178886. Determine k(22).
-16
Let n(r) = 130*r + 37378. What is n(-282)?
718
Let k(p) = 7*p**3 + 248*p**2 + 102*p + 18. Determine k(-35).
123
Let o(w) = 645*w**2 + 50*w + 91. Calculate o(2).
2771
Let p(d) = -d**3 + 101*d**2 - 501*d + 10798. Give p(97).
-163
Let h(t) = -50*t + 11841. Calculate h(234).
141
Let v(a) = 2319*a**2 + 64949*a + 475. What is v(-28)?
-1
Let c(v) = -189*v + 8610. Give c(46).
-84
Let k(l) = -1065*l**3 - 3*l**2 + 85*l - 83. What is k(1)?
-1066
Let z(a) = -2*a**3 + 3178*a**2 - 763*a + 1212416. What is z(1589)?
9
Let u(g) = -19*g**2 + 272*g - 46. Calculate u(16).
-558
Let v(r) = r**2 + 130*r - 2621. Give v(-140).
-1221
Let d(b) = -b**3 + 5*b**2 - 16*b + 38. What is d(-7)?
738
Let t(b) = 3325*b + 46604. Give t(-14).
54
Let c(n) = -56*n**2 + 478*n + 1895. Give c(-4).
-913
Let i(f) = f**2 - 14*f - 8976. Give i(102).
0
Let a(q) = -q**3 - 363*q**2 - 14039*q - 103. Give a(-44).
29
Let h(i) = i**3 - 72*i**2 - 1953*i + 10214. Give h(92).
-182
Let v(d) = -130*d - 5343. Determine v(-44).
377
Let f(t) = t**3 - 65*t**2 - 577*t + 2. Calculate f(73).
513
Let s(v) = -6*v**2 + 433*v + 5095. What is s(-12)?
-965
Let f(l) = -9343*l + 2036783. Determine f(218).
9
Let f(k) = k**2 + 1743*k + 27593. Determine f(-16).
-39
Let y(o) = -2312*o - 30294. What is y(-13)?
-238
Let z(k) = 13*k**3 + 78*k**2 + 10*k - 15. Calculate z(-6).
-75
Let m(b) = -4*b**3 - 186*b**2 - 975*b - 17. Give m(-6).
1
Let t(a) = 2*a**3 + 14*a**2 - 182*a - 831. What is t(-4)?
-7
Let r(f) = 477*f**2 + 99213*f - 607. Determine r(-208).
17
Let p(k) = -992*k**2 + 9928*k - 93. Calculate p(10).
-13
Let b(l) = -1097*l**2 + 49290*l + 3370. What is b(45)?
-5
Let t(w) = -3*w**3 - 100*w**2 - 168*w - 232. Give t(-32).
1048
Let y(f) = 20249*f**2 - 1376933*f + 77. Calculate y(68).
9
Let h(j) = -7670*j + 38309. Give h(5).
-41
Let z(t) = t**3 - 5*t**2 - 33*t + 352. Give z(6).
190
Let m(w) = 175*w + 518. Determine m(-8).
-882
Let i(s) = s**2 + 35*s - 1758. Give i(19).
-732
Let z(j) = -170*j**2 + 138*j + 4. What is z(-2)?
-952
Let b(p) = 73178*p + 3512550. Calculate b(-48).
6
Let w(m) = 1519*m + 174685. Determine w(-115).
0
Let r(t) = 2*t**2 - 190*t + 562. What is r(92)?
10
Let h(k) = k**3 + 238*k**2 - 121*k - 116. What is h(1)?
2
Let a(f) = 6*f**2 + 3071*f - 6626. Give a(-514).
56
Let a(u) = -u**2 + 4944*u + 154222. Give a(-31).
-3
Let s(n) = -n**3 - 707*n**2 + 18276*n - 17585. Give s(-732).
-17
Let s(b) = -68*b + 2027. Give s(23).
463
Let d(h) = -h**3 + 10*h + 413. Determine d(0).
413
Let d(g) = -4623*g + 83257. What is d(18)?
43
Let r(p) = 18196*p + 491308. Determine r(-27).
16
Let y(r) = -13*r**3 - 286*r**2 - 1449*r - 31901. Give y(-22).
-23
Let g(x) = 4*x**3 + x**2 + 2589*x - 7760. Give g(3).
124
Let c(w) = 9*w**2 - 233*w - 736. Calculate c(-3).
44
Let m(b) = b**3 - 25*b**2 - 1484*b - 260. Calculate m(53).
-260
Let q(u) = -u**3 + 238*u**2 - 4161*u + 71. Give q(219).
71
Let p(o) = 3*o**2 + 357*o + 9459. What is p(-40)?
-21
Let u(b) = -4284*b - 364119. What is u(-85)?
21
Let v(d) = -d**3 + 6*d**2 + 44*d + 41. Calculate v(0).
41
Let c(o) = -108*o**2 + 50001*o + 1382. Determine c(463).
-7
Let q(p) = p**3 - 2*p**2 + 20*p + 48. Give q(-2).
-8
Let m(c) = -592*c**3 + 1167*c**2 + 27*c - 9. Calculate m(2).
-23
Let w(b) = -3*b - 2919. What is w(12)?
-2955
Let r(o) = -2*o**2 - 7*o + 892. What is r(-27)?
-377
Let j(u) = u**3 + 23*u**2 - 145*u - 58. Determine j(-28).
82
Let j(h) = 643*h**2 + 18654*h + 57. Give j(-29).
-146
Let o(y) = 42*y + 11028. Give o(-263).
-18
Let n(i) = -13*i**3 + 3*i**2 + 858*i + 2578. What is n(-3)?
382
Let n(t) = -62031*t - 4156007. Determine n(-67).
70
Let j(w) = -4*w**3 - 389*w**2 + 779*w + 8517. What is j(-99)?
3
Let y(u) = 9301*u - 530296. What is y(57)?
-139
Let k(d) = -123*d**2 - 15131*d - 274. Give k(-123).
-28
Let m(v) = -4*v**2 - 100*v + 1038. Determine m(18).
-2058
Let s(n) = -n**2 + 950*n - 6557. Calculate s(7).
44
Let u(a) = -797731*a + 5584110. Give u(7).
-7
Let j(y) = 2*y**3 - 2561*y**2 - 160861*y - 59. Give j(-60).
1
Let v(h) = 625*h + 579326. Calculate v(-927).
-49
Let f(s) = -2*s**2 - 665*s + 422485. Calculate f(-655).
10
Let x(i) = -3970*i - 539916. Determine x(-136).
4
Let p(t) = -1722*t + 12510. Determine p(7).
456
Let u(w) = -w**3 + 39*w**2 + 208*w - 1371. Give u(43).
177
Let y(z) = 5678*z - 1391118. Calculate y(245).
-8
Let g(k) = 2*k**3 - 34*k**2 + 32*k - 526. Give g(17).
18
Let s(a) = a**2 + 1812*a + 35856. Calculate s(-20).
16
Let u(b) = -9*b**3 - 4168*b**2 + 16345*b + 13. Give u(-467).
13
Let a(n) = -n**2 + 1007*n - 101772. Give a(114).
30
Let m(h) = -51*h + 5238. What is m(101)?
87
Let j(a) = -6098*a + 86075. Give j(14).
703
Let b(k) = 9*k**2 - 220*k + 411. Give b(22).
-73
Let c(v) = -v**3 + 10*v**2 - 109*v - 16. Give c(0).
-16
Let c(b) = 8*b**3 + 281*b**2 + 37*b + 126. Determine c(-35).
56
Let n(i) = -171*i**2 + 54*i - 242. What is n(5)?
-4247
Let v(r) = 165128*r + 165198. Give v(-1).
70
Let h(t) = -t**3 + 6*t**2 + 65*t + 525. Calculate h(-11).
1867
Let t(i) = -5*i**2 - 498*i - 11549. What is t(-37)?
32
Let r(c) = -3*c**2 + 3363*c - 20151. Give r(6).
-81
Let b(h) = -h**3 + 196*h**2 - 2040*h + 962. Give b(185).
37
Let k(q) = 70*q**2 + 1638*q + 668. What is k(-23)?
24
Let d(c) = 8879*c - 87943. Calculate d(10).
847
Let t(o) = 4*o**2 - 207*o + 5709. Give t(26).
3031
Let b(p) = 4*p**3 + 254*p**2 + 162*p + 832. Calculate b(-63).
-1436
Let k(v) = -3227*v + 93580. Calculate k(29).
-3
Let o(a) = 70488*a + 1550716. What is o(-22)?
-20
Let s(j) = -250*j - 84268. What is s(-337)?
-18
Let c(t) = -4184*t - 25259. Determine c(-6).
-155
Let z(v) = 588*v - 5035. What is z(16)?
4373
Let x(w) = w**2 - 24*w + 175. What is x(0)?
175
Let m(h) = -429*h + 8640. What is m(19)?
489
Let t(y) = 8397*y - 621369. Give t(74).
9
Let b(k) = -k**3 - 20*k**2 - 86*k - 1140. What is b(-20)?
580
Let w(j) = -j**3 + 6*j**2 + 472*j + 732. Calculate w(-18).
12
Let j(r) = -103*r**2 + 1394*r + 2796. Calculate j(-2).
-404
Let q(b) = -b**3 + 3*b**2 + 36614*b - 73225. Calculate q(2).
7
Let n(o) = -271*o**2 - 319*o + 973. Calculate n(3).
-2423
Let r(k) = -k**3 - 16*k**2 - 33*k - 677. Determine r(-17).
173
Let f(t) = -88629*t - 354529. Calculate f(-4).
-13
Let f(x) = -3*x**3 + 2773*x**2 - 3530*x - 149530. Determine f(923).
-4
Let k(l) = -216*l**2 + 10336*l + 1542. Determine k(48).
6
Let p(t) = -t**3 - 27*t**2 - 307*t - 1397. Calculate p(-10).
-27
Let c(j) = -2*j**3 + 115*j**2 + 147*j + 1773. What is c(59)?
3
Let c(w) = 2046*w + 321271. Calculate c(-157).
49
Let y(p) = -23*p**3 - 14*p**2 - 74*p + 314. Calculate y(4).
-1678
Let o(s) = -2*s**3 + 449*s**2 - 5301*s + 426. What is o(212)?
214
Let z(u) = -u**2 + 1948*u + 436706. What is z(-203)?
53
Let v(p) = -124008*p + 620033. What is v(5)?
-7
Let k(x) = -6166*x - 30775. What is k(-5)?
55
Let p(f) = f**2 - 293*f - 5525. Give p(-17).
-255
Let d(l) = -273*l + 12101. Determine d(43).
362
Let b(p) = 6*p**3 - 80*p**2 + 22*p - 37. Calculate b(13).
-89
Let g(u) = 27*u - 564. Give g(22).
30
Let k(h) = -429*h - 1991. Determine k(-4).
-275
